[INFO] cloning repository https://github.com/FlorianFranzen/dx
[INFO] running `Command { std: "git" "-c" "credential.helper=" "-c" "credential.helper=/workspace/cargo-home/bin/git-credential-null" "clone" "--bare" "https://github.com/FlorianFranzen/dx" "/workspace/cache/git-repos/https%3A%2F%2Fgithub.com%2FFlorianFranzen%2Fdx", kill_on_drop: false }`
[INFO] [stderr] Cloning into bare repository '/workspace/cache/git-repos/https%3A%2F%2Fgithub.com%2FFlorianFranzen%2Fdx'...
[INFO] running `Command { std: "git" "rev-parse" "HEAD", kill_on_drop: false }`
[INFO] [stdout] a740dfa3a27f6700b2a970da1acf202290ce3a2f
[INFO] checking FlorianFranzen/dx against try#72f88fc4e9458f89516a0b8b0868f3718aec5b47 for pr-74989
[INFO] running `Command { std: "git" "clone" "/workspace/cache/git-repos/https%3A%2F%2Fgithub.com%2FFlorianFranzen%2Fdx" "/workspace/builds/worker-0/source", kill_on_drop: false }`
[INFO] [stderr] Cloning into '/workspace/builds/worker-0/source'...
[INFO] [stderr] done.
[INFO] validating manifest of git repo https://github.com/FlorianFranzen/dx on toolchain 72f88fc4e9458f89516a0b8b0868f3718aec5b47
[INFO] running `Command { std: "/workspace/cargo-home/bin/cargo" "+72f88fc4e9458f89516a0b8b0868f3718aec5b47" "read-manifest" "--manifest-path" "Cargo.toml", kill_on_drop: false }`
[INFO] started tweaking git repo https://github.com/FlorianFranzen/dx
[INFO] finished tweaking git repo https://github.com/FlorianFranzen/dx
[INFO] tweaked toml for git repo https://github.com/FlorianFranzen/dx written to /workspace/builds/worker-0/source/Cargo.toml
[INFO] crate git repo https://github.com/FlorianFranzen/dx already has a lockfile, it will not be regenerated
[INFO] running `Command { std: "/workspace/cargo-home/bin/cargo" "+72f88fc4e9458f89516a0b8b0868f3718aec5b47" "fetch" "--locked" "--manifest-path" "Cargo.toml", kill_on_drop: false }`
[INFO] [stderr]     Updating git repository `https://github.com/libp2p/rust-libp2p`
[INFO] [stderr]  Downloading crates ...
[INFO] [stderr]   Downloaded which v3.1.0
[INFO] [stderr]   Downloaded hmac-drbg v0.2.0
[INFO] [stderr]   Downloaded thiserror-impl v1.0.10
[INFO] [stderr]   Downloaded blake2 v0.8.1
[INFO] [stderr]   Downloaded parity-send-wrapper v0.1.0
[INFO] [stderr]   Downloaded quicksink v0.1.1
[INFO] [stderr]   Downloaded clear_on_drop v0.2.3
[INFO] [stderr]   Downloaded soketto v0.3.2
[INFO] [stderr]   Downloaded asn1_der v0.6.3
[INFO] [stderr]   Downloaded petgraph v0.5.0
[INFO] [stderr]   Downloaded crunchy v0.2.2
[INFO] [stderr]   Downloaded curve25519-dalek v2.0.0
[INFO] [stderr]   Downloaded cuckoofilter v0.3.2
[INFO] [stderr]   Downloaded lru v0.4.3
[INFO] [stderr]   Downloaded get_if_addrs v0.5.3
[INFO] [stderr]   Downloaded get_if_addrs-sys v0.1.1
[INFO] [stderr]   Downloaded aes-ctr v0.3.0
[INFO] [stderr]   Downloaded salsa20-core v0.2.3
[INFO] [stderr]   Downloaded rustc-hex v2.1.0
[INFO] [stderr]   Downloaded futures-timer v2.0.2
[INFO] [stderr]   Downloaded send_wrapper v0.2.0
[INFO] [stderr]   Downloaded c_linked_list v1.1.1
[INFO] [stderr]   Downloaded curve25519-dalek v1.2.3
[INFO] [stderr]   Downloaded dns-parser v0.8.0
[INFO] [stderr]   Downloaded async-std v1.5.0
[INFO] [stderr]   Downloaded async-task v1.3.1
[INFO] [stderr]   Downloaded ctr v0.3.2
[INFO] [stderr]   Downloaded futures-timer v3.0.1
[INFO] [stderr]   Downloaded unsigned-varint v0.3.0
[INFO] [stderr]   Downloaded kv-log-macro v1.0.4
[INFO] [stderr]   Downloaded asn1_der_derive v0.1.2
[INFO] [stderr]   Downloaded libsecp256k1 v0.3.5
[INFO] [stderr]   Downloaded multimap v0.8.0
[INFO] [stderr]   Downloaded thiserror v1.0.10
[INFO] [stderr]   Downloaded futures_codec v0.3.4
[INFO] [stderr]   Downloaded wasm-timer v0.2.4
[INFO] [stderr]   Downloaded salsa20 v0.3.0
[INFO] [stderr]   Downloaded twofish v0.2.0
[INFO] [stderr]   Downloaded snow v0.6.2
[INFO] [stderr]   Downloaded uint v0.8.2
[INFO] [stderr]   Downloaded x25519-dalek v0.5.2
[INFO] [stderr]   Downloaded nohash-hasher v0.1.3
[INFO] [stderr]   Downloaded bs58 v0.3.0
[INFO] [stderr]   Downloaded ring v0.16.11
[INFO] [stderr]   Downloaded yamux v0.4.2
[INFO] running `Command { std: "docker" "create" "-v" "/var/lib/crater-agent-workspace/builds/worker-0/target:/opt/rustwide/target:rw,Z" "-v" "/var/lib/crater-agent-workspace/builds/worker-0/source:/opt/rustwide/workdir:ro,Z" "-v" "/var/lib/crater-agent-workspace/cargo-home:/opt/rustwide/cargo-home:ro,Z" "-v" "/var/lib/crater-agent-workspace/rustup-home:/opt/rustwide/rustup-home:ro,Z" "-e" "SOURCE_DIR=/opt/rustwide/workdir" "-e" "CARGO_TARGET_DIR=/opt/rustwide/target" "-e" "CARGO_HOME=/opt/rustwide/cargo-home" "-e" "RUSTUP_HOME=/opt/rustwide/rustup-home" "-w" "/opt/rustwide/workdir" "-m" "1610612736" "--user" "0:0" "--network" "none" "rustops/crates-build-env@sha256:d92eaeed33fa75130ca1ee6c8a01d1ffb62bac859dfdfb3450e3e5d1c0146529" "/opt/rustwide/cargo-home/bin/cargo" "+72f88fc4e9458f89516a0b8b0868f3718aec5b47" "metadata" "--no-deps" "--format-version=1", kill_on_drop: false }`
[INFO] [stdout] f14c8e0b6a4cac7ef3bfc699debf701dd5b7d327c999d67a1d26bc566fe0152f
[INFO] [stderr] WARNING: Your kernel does not support swap limit capabilities or the cgroup is not mounted. Memory limited without swap.
[INFO] running `Command { std: "docker" "start" "-a" "f14c8e0b6a4cac7ef3bfc699debf701dd5b7d327c999d67a1d26bc566fe0152f", kill_on_drop: false }`
[INFO] running `Command { std: "docker" "inspect" "f14c8e0b6a4cac7ef3bfc699debf701dd5b7d327c999d67a1d26bc566fe0152f", kill_on_drop: false }`
[INFO] running `Command { std: "docker" "rm" "-f" "f14c8e0b6a4cac7ef3bfc699debf701dd5b7d327c999d67a1d26bc566fe0152f", kill_on_drop: false }`
[INFO] [stdout] f14c8e0b6a4cac7ef3bfc699debf701dd5b7d327c999d67a1d26bc566fe0152f
[INFO] running `Command { std: "docker" "create" "-v" "/var/lib/crater-agent-workspace/builds/worker-0/target:/opt/rustwide/target:rw,Z" "-v" "/var/lib/crater-agent-workspace/builds/worker-0/source:/opt/rustwide/workdir:ro,Z" "-v" "/var/lib/crater-agent-workspace/cargo-home:/opt/rustwide/cargo-home:ro,Z" "-v" "/var/lib/crater-agent-workspace/rustup-home:/opt/rustwide/rustup-home:ro,Z" "-e" "SOURCE_DIR=/opt/rustwide/workdir" "-e" "CARGO_TARGET_DIR=/opt/rustwide/target" "-e" "CARGO_INCREMENTAL=0" "-e" "RUST_BACKTRACE=full" "-e" "RUSTFLAGS=--cap-lints=forbid" "-e" "CARGO_HOME=/opt/rustwide/cargo-home" "-e" "RUSTUP_HOME=/opt/rustwide/rustup-home" "-w" "/opt/rustwide/workdir" "-m" "1610612736" "--user" "0:0" "--network" "none" "rustops/crates-build-env@sha256:d92eaeed33fa75130ca1ee6c8a01d1ffb62bac859dfdfb3450e3e5d1c0146529" "/opt/rustwide/cargo-home/bin/cargo" "+72f88fc4e9458f89516a0b8b0868f3718aec5b47" "check" "--frozen" "--all" "--all-targets" "--message-format=json", kill_on_drop: false }`
[INFO] [stdout] affffd523fab4255bc380c6af3ce15436d14b5674b450565081b31c10f89157a
[INFO] [stderr] WARNING: Your kernel does not support swap limit capabilities or the cgroup is not mounted. Memory limited without swap.
[INFO] running `Command { std: "docker" "start" "-a" "affffd523fab4255bc380c6af3ce15436d14b5674b450565081b31c10f89157a", kill_on_drop: false }`
[INFO] [stderr]     Blocking waiting for file lock on package cache
[INFO] [stderr]    Compiling libc v0.2.66
[INFO] [stderr]    Compiling proc-macro2 v1.0.8
[INFO] [stderr]    Compiling syn v1.0.14
[INFO] [stderr]    Compiling log v0.4.8
[INFO] [stderr]    Compiling getrandom v0.1.14
[INFO] [stderr]    Compiling byteorder v1.3.4
[INFO] [stderr]    Compiling cfg-if v0.1.10
[INFO] [stderr]    Compiling cc v1.0.50
[INFO] [stderr]    Compiling either v1.5.3
[INFO] [stderr]    Compiling autocfg v1.0.0
[INFO] [stderr]    Compiling ppv-lite86 v0.2.6
[INFO] [stderr]    Compiling fixedbitset v0.2.0
[INFO] [stderr]    Compiling unicode-segmentation v1.6.0
[INFO] [stderr]     Checking futures-core v0.3.4
[INFO] [stderr]     Checking slab v0.4.2
[INFO] [stderr]    Compiling multimap v0.8.0
[INFO] [stderr]    Compiling memchr v2.3.0
[INFO] [stderr]     Checking futures-sink v0.3.4
[INFO] [stderr]    Compiling proc-macro-nested v0.1.3
[INFO] [stderr]     Checking futures-io v0.3.4
[INFO] [stderr]     Checking pin-utils v0.1.0-alpha.4
[INFO] [stderr]     Checking futures v0.1.29
[INFO] [stderr]     Checking futures-task v0.3.4
[INFO] [stderr]     Checking opaque-debug v0.2.3
[INFO] [stderr]     Checking byte-tools v0.3.1
[INFO] [stderr]     Checking bytes v0.5.4
[INFO] [stderr]     Checking smallvec v1.2.0
[INFO] [stderr]     Checking untrusted v0.7.0
[INFO] [stderr]     Checking subtle v1.0.0
[INFO] [stderr]     Checking subtle v2.2.2
[INFO] [stderr]     Checking fake-simd v0.1.2
[INFO] [stderr]    Compiling crunchy v0.2.2
[INFO] [stderr]     Checking keccak v0.1.0
[INFO] [stderr]     Checking percent-encoding v2.1.0
[INFO] [stderr]     Checking fnv v1.0.6
[INFO] [stderr]     Checking bs58 v0.3.0
[INFO] [stderr]     Checking void v1.0.2
[INFO] [stderr]     Checking futures-timer v3.0.1
[INFO] [stderr]    Compiling maybe-uninit v2.0.0
[INFO] [stderr]    Compiling wasm-bindgen-shared v0.2.58
[INFO] [stderr]    Compiling bumpalo v3.2.0
[INFO] [stderr]    Compiling pkg-config v0.3.17
[INFO] [stderr]     Checking pin-project-lite v0.1.4
[INFO] [stderr]    Compiling wasm-bindgen v0.2.58
[INFO] [stderr]     Checking adler32 v1.0.4
[INFO] [stderr]    Compiling httparse v1.3.4
[INFO] [stderr]     Checking once_cell v1.3.1
[INFO] [stderr]     Checking base64 v0.11.0
[INFO] [stderr]     Checking itoa v0.4.5
[INFO] [stderr]     Checking c_linked_list v1.1.1
[INFO] [stderr]     Checking quick-error v1.2.3
[INFO] [stderr]     Checking rustc-hex v2.1.0
[INFO] [stderr]     Checking sha1 v0.6.0
[INFO] [stderr]     Checking nohash-hasher v0.1.3
[INFO] [stderr]     Checking ipnet v2.2.0
[INFO] [stderr]     Checking parity-send-wrapper v0.1.0
[INFO] [stderr]     Checking futures-channel v0.3.4
[INFO] [stderr]    Compiling itertools v0.8.2
[INFO] [stderr]     Checking lock_api v0.3.3
[INFO] [stderr]     Checking block-padding v0.1.5
[INFO] [stderr]    Compiling heck v0.3.1
[INFO] [stderr]     Checking unicode-normalization v0.1.12
[INFO] [stderr]    Compiling crossbeam-utils v0.7.0
[INFO] [stderr]    Compiling crossbeam-epoch v0.8.0
[INFO] [stderr]    Compiling c2-chacha v0.2.3
[INFO] [stderr]    Compiling rand_core v0.3.1
[INFO] [stderr]    Compiling indexmap v1.3.2
[INFO] [stderr]     Checking quicksink v0.1.1
[INFO] [stderr]     Checking miniz_oxide v0.3.6
[INFO] [stderr]    Compiling typenum v1.11.2
[INFO] [stderr]    Compiling anyhow v1.0.26
[INFO] [stderr]     Checking http v0.2.0
[INFO] [stderr]     Checking crc32fast v1.2.0
[INFO] [stderr]    Compiling parking_lot_core v0.6.2
[INFO] [stderr]    Compiling parking_lot v0.9.0
[INFO] [stderr]    Compiling memoffset v0.5.3
[INFO] [stderr]    Compiling snow v0.6.2
[INFO] [stderr]     Checking kv-log-macro v1.0.4
[INFO] [stderr]     Checking crypto-mac v0.7.0
[INFO] [stderr]     Checking stream-cipher v0.3.2
[INFO] [stderr]     Checking block-cipher-trait v0.6.2
[INFO] [stderr]     Checking block-buffer v0.7.3
[INFO] [stderr]     Checking base64 v0.10.1
[INFO] [stderr]     Checking dns-parser v0.8.0
[INFO] [stderr]     Checking uint v0.8.2
[INFO] [stderr]     Checking iovec v0.1.4
[INFO] [stderr]     Checking num_cpus v1.12.0
[INFO] [stderr]     Checking parking_lot_core v0.7.0
[INFO] [stderr]     Checking net2 v0.2.33
[INFO] [stderr]     Checking async-task v1.3.1
[INFO] [stderr]     Checking rand v0.4.6
[INFO] [stderr]     Checking get_if_addrs v0.5.3
[INFO] [stderr]     Checking dirs-sys v0.3.4
[INFO] [stderr]    Compiling generic-array v0.12.3
[INFO] [stderr]     Checking smallvec v0.6.13
[INFO] [stderr]    Compiling ring v0.16.11
[INFO] [stderr]    Compiling clear_on_drop v0.2.3
[INFO] [stderr]    Compiling libz-sys v1.0.25
[INFO] [stderr]     Checking idna v0.2.0
[INFO] [stderr]     Checking hmac v0.7.1
[INFO] [stderr]     Checking blake2 v0.8.1
[INFO] [stderr]     Checking salsa20-core v0.2.3
[INFO] [stderr]     Checking aes-soft v0.3.3
[INFO] [stderr]     Checking ctr v0.3.2
[INFO] [stderr]     Checking twofish v0.2.0
[INFO] [stderr]    Compiling which v3.1.0
[INFO] [stderr]    Compiling quote v1.0.2
[INFO] [stderr]     Checking sha2 v0.8.1
[INFO] [stderr]     Checking sha3 v0.8.2
[INFO] [stderr]     Checking sha-1 v0.8.2
[INFO] [stderr]     Checking bytes v0.4.12
[INFO] [stderr]     Checking rand_core v0.5.1
[INFO] [stderr]     Checking dirs v2.0.2
[INFO] [stderr]     Checking parking_lot v0.10.0
[INFO] [stderr]     Checking mio v0.6.21
[INFO] [stderr]     Checking hmac-drbg v0.2.0
[INFO] [stderr]     Checking crossbeam-channel v0.4.0
[INFO] [stderr]    Compiling digest v0.8.1
[INFO] [stderr]     Checking salsa20 v0.3.0
[INFO] [stderr]     Checking rand v0.3.23
[INFO] [stderr]     Checking aes-ctr v0.3.0
[INFO] [stderr]    Compiling petgraph v0.5.0
[INFO] [stderr]    Compiling prost-build v0.6.1
[INFO] [stderr]     Checking rand_chacha v0.2.1
[INFO] [stderr]     Checking curve25519-dalek v2.0.0
[INFO] [stderr]     Checking cuckoofilter v0.3.2
[INFO] [stderr]     Checking url v2.1.1
[INFO] [stderr]     Checking tokio-io v0.1.13
[INFO] [stderr]    Compiling curve25519-dalek v1.2.3
[INFO] [stderr]     Checking rand v0.7.3
[INFO] [stderr]     Checking flate2 v1.0.13
[INFO] [stderr]     Checking crossbeam-deque v0.7.2
[INFO] [stderr]     Checking mio-uds v0.6.7
[INFO] [stderr]     Checking async-std v1.5.0
[INFO] [stderr]     Checking ed25519-dalek v1.0.0-pre.3
[INFO] [stderr]     Checking libsecp256k1 v0.3.5
[INFO] [stderr]    Compiling tempfile v3.1.0
[INFO] [stderr]     Checking x25519-dalek v0.5.2
[INFO] [stderr]     Checking webpki v0.21.2
[INFO] [stderr]     Checking sct v0.6.0
[INFO] [stderr]     Checking webpki-roots v0.17.0
[INFO] [stderr]     Checking rustls v0.16.0
[INFO] [stderr]     Checking webpki-roots v0.18.0
[INFO] [stderr]    Compiling wasm-bindgen-backend v0.2.58
[INFO] [stderr]    Compiling prost-derive v0.6.1
[INFO] [stderr]    Compiling proc-macro-hack v0.5.11
[INFO] [stderr]    Compiling pin-project-internal v0.4.8
[INFO] [stderr]    Compiling thiserror-impl v1.0.10
[INFO] [stderr]    Compiling asn1_der_derive v0.1.2
[INFO] [stderr]    Compiling libp2p-core-derive v0.15.0 (https://github.com/libp2p/rust-libp2p#d5587162)
[INFO] [stderr]    Compiling wasm-bindgen-macro-support v0.2.58
[INFO] [stderr]     Checking asn1_der v0.6.3
[INFO] [stderr]    Compiling futures-macro v0.3.4
[INFO] [stderr]    Compiling const-random-macro v0.1.8
[INFO] [stderr]    Compiling wasm-bindgen-macro v0.2.58
[INFO] [stderr]     Checking thiserror v1.0.10
[INFO] [stderr]     Checking const-random v0.1.8
[INFO] [stderr]     Checking ahash v0.2.18
[INFO] [stderr]     Checking hashbrown v0.6.3
[INFO] [stderr]     Checking pin-project v0.4.8
[INFO] [stderr]     Checking lru v0.4.3
[INFO] [stderr]     Checking futures-util v0.3.4
[INFO] [stderr]    Compiling prost v0.6.1
[INFO] [stderr]     Checking js-sys v0.3.35
[INFO] [stderr]    Compiling prost-types v0.6.1
[INFO] [stdout] error: return value of constructor must be a bare path
[INFO] [stdout]     --> /opt/rustwide/cargo-home/registry/src/github.com-1ecc6299db9ec823/js-sys-0.3.35/src/lib.rs:4753:13
[INFO] [stdout]      |
[INFO] [stdout] 4753 | /             /// The
[INFO] [stdout] 4754 | |             #[doc = $ctor]
[INFO] [stdout] 4755 | |             /// constructor creates an array of unsigned 8-bit integers.
[INFO] [stdout] 4756 | |             ///
[INFO] [stdout] ...    |
[INFO] [stdout] 4760 | |             #[wasm_bindgen(constructor)]
[INFO] [stdout] 4761 | |             pub fn new(constructor_arg: &JsValue) -> $name;
[INFO] [stdout]      | |___________________________________________________________^
[INFO] [stdout] ...
[INFO] [stdout] 4948 | / arrays! {
[INFO] [stdout] 4949 | |     /// `Int8Array()`
[INFO] [stdout] 4950 | |     /// https://developer.mozilla.org/en-US/docs/Web/JavaScript/Reference/Global_Objects/Int8Array
[INFO] [stdout] 4951 | |     Int8Array: i8,
[INFO] [stdout] ...    |
[INFO] [stdout] 4983 | |     Float64Array: f64,
[INFO] [stdout] 4984 | | }
[INFO] [stdout]      | |_- in this macro invocation
[INFO] [stdout]      |
[INFO] [stdout]      = note: this error originates in a macro (in Nightly builds, run with -Z macro-backtrace for more info)
[INFO] [stdout] 
[INFO] [stdout] 
[INFO] [stdout] error: return value of constructor must be a bare path
[INFO] [stdout]     --> /opt/rustwide/cargo-home/registry/src/github.com-1ecc6299db9ec823/js-sys-0.3.35/src/lib.rs:4763:13
[INFO] [stdout]      |
[INFO] [stdout] 4763 | /             /// An
[INFO] [stdout] 4764 | |             #[doc = $ctor]
[INFO] [stdout] 4765 | |             /// which creates an array with an internal buffer large
[INFO] [stdout] 4766 | |             /// enough for `length` elements.
[INFO] [stdout] ...    |
[INFO] [stdout] 4771 | |             #[wasm_bindgen(constructor)]
[INFO] [stdout] 4772 | |             pub fn new_with_length(length: u32) -> $name;
[INFO] [stdout]      | |_________________________________________________________^
[INFO] [stdout] ...
[INFO] [stdout] 4948 | / arrays! {
[INFO] [stdout] 4949 | |     /// `Int8Array()`
[INFO] [stdout] 4950 | |     /// https://developer.mozilla.org/en-US/docs/Web/JavaScript/Reference/Global_Objects/Int8Array
[INFO] [stdout] 4951 | |     Int8Array: i8,
[INFO] [stdout] ...    |
[INFO] [stdout] 4983 | |     Float64Array: f64,
[INFO] [stdout] 4984 | | }
[INFO] [stdout]      | |_- in this macro invocation
[INFO] [stdout]      |
[INFO] [stdout]      = note: this error originates in a macro (in Nightly builds, run with -Z macro-backtrace for more info)
[INFO] [stdout] 
[INFO] [stdout] 
[INFO] [stdout] error: return value of constructor must be a bare path
[INFO] [stdout]     --> /opt/rustwide/cargo-home/registry/src/github.com-1ecc6299db9ec823/js-sys-0.3.35/src/lib.rs:4774:13
[INFO] [stdout]      |
[INFO] [stdout] 4774 | /             /// An
[INFO] [stdout] 4775 | |             #[doc = $ctor]
[INFO] [stdout] 4776 | |             /// which creates an array with the given buffer but is a
[INFO] [stdout] 4777 | |             /// view starting at `byte_offset`.
[INFO] [stdout] ...    |
[INFO] [stdout] 4782 | |             #[wasm_bindgen(constructor)]
[INFO] [stdout] 4783 | |             pub fn new_with_byte_offset(buffer: &JsValue, byte_offset: u32) -> $name;
[INFO] [stdout]      | |_____________________________________________________________________________________^
[INFO] [stdout] ...
[INFO] [stdout] 4948 | / arrays! {
[INFO] [stdout] 4949 | |     /// `Int8Array()`
[INFO] [stdout] 4950 | |     /// https://developer.mozilla.org/en-US/docs/Web/JavaScript/Reference/Global_Objects/Int8Array
[INFO] [stdout] 4951 | |     Int8Array: i8,
[INFO] [stdout] ...    |
[INFO] [stdout] 4983 | |     Float64Array: f64,
[INFO] [stdout] 4984 | | }
[INFO] [stdout]      | |_- in this macro invocation
[INFO] [stdout]      |
[INFO] [stdout]      = note: this error originates in a macro (in Nightly builds, run with -Z macro-backtrace for more info)
[INFO] [stdout] 
[INFO] [stdout] 
[INFO] [stdout] error: return value of constructor must be a bare path
[INFO] [stdout]     --> /opt/rustwide/cargo-home/registry/src/github.com-1ecc6299db9ec823/js-sys-0.3.35/src/lib.rs:4785:13
[INFO] [stdout]      |
[INFO] [stdout] 4785 | /             /// An
[INFO] [stdout] 4786 | |             #[doc = $ctor]
[INFO] [stdout] 4787 | |             /// which creates an array with the given buffer but is a
[INFO] [stdout] 4788 | |             /// view starting at `byte_offset` for `length` elements.
[INFO] [stdout] ...    |
[INFO] [stdout] 4797 | |                 length: u32,
[INFO] [stdout] 4798 | |             ) -> $name;
[INFO] [stdout]      | |_______________________^
[INFO] [stdout] ...
[INFO] [stdout] 4948 | / arrays! {
[INFO] [stdout] 4949 | |     /// `Int8Array()`
[INFO] [stdout] 4950 | |     /// https://developer.mozilla.org/en-US/docs/Web/JavaScript/Reference/Global_Objects/Int8Array
[INFO] [stdout] 4951 | |     Int8Array: i8,
[INFO] [stdout] ...    |
[INFO] [stdout] 4983 | |     Float64Array: f64,
[INFO] [stdout] 4984 | | }
[INFO] [stdout]      | |_- in this macro invocation
[INFO] [stdout]      |
[INFO] [stdout]      = note: this error originates in a macro (in Nightly builds, run with -Z macro-backtrace for more info)
[INFO] [stdout] 
[INFO] [stdout] 
[INFO] [stdout] error: first argument of method must be a path
[INFO] [stdout]     --> /opt/rustwide/cargo-home/registry/src/github.com-1ecc6299db9ec823/js-sys-0.3.35/src/lib.rs:4805:32
[INFO] [stdout]      |
[INFO] [stdout] 4805 |               pub fn fill(this: &$name, value: $ty, start: u32, end: u32) -> $name;
[INFO] [stdout]      |                                  ^^^^^
[INFO] [stdout] ...
[INFO] [stdout] 4948 | / arrays! {
[INFO] [stdout] 4949 | |     /// `Int8Array()`
[INFO] [stdout] 4950 | |     /// https://developer.mozilla.org/en-US/docs/Web/JavaScript/Reference/Global_Objects/Int8Array
[INFO] [stdout] 4951 | |     Int8Array: i8,
[INFO] [stdout] ...    |
[INFO] [stdout] 4983 | |     Float64Array: f64,
[INFO] [stdout] 4984 | | }
[INFO] [stdout]      | |_- in this macro invocation
[INFO] [stdout]      |
[INFO] [stdout]      = note: this error originates in a macro (in Nightly builds, run with -Z macro-backtrace for more info)
[INFO] [stdout] 
[INFO] [stdout] 
[INFO] [stdout] error: first argument of method must be a path
[INFO] [stdout]     --> /opt/rustwide/cargo-home/registry/src/github.com-1ecc6299db9ec823/js-sys-0.3.35/src/lib.rs:4810:34
[INFO] [stdout]      |
[INFO] [stdout] 4810 |               pub fn buffer(this: &$name) -> ArrayBuffer;
[INFO] [stdout]      |                                    ^^^^^
[INFO] [stdout] ...
[INFO] [stdout] 4948 | / arrays! {
[INFO] [stdout] 4949 | |     /// `Int8Array()`
[INFO] [stdout] 4950 | |     /// https://developer.mozilla.org/en-US/docs/Web/JavaScript/Reference/Global_Objects/Int8Array
[INFO] [stdout] 4951 | |     Int8Array: i8,
[INFO] [stdout] ...    |
[INFO] [stdout] 4983 | |     Float64Array: f64,
[INFO] [stdout] 4984 | | }
[INFO] [stdout]      | |_- in this macro invocation
[INFO] [stdout]      |
[INFO] [stdout]      = note: this error originates in a macro (in Nightly builds, run with -Z macro-backtrace for more info)
[INFO] [stdout] 
[INFO] [stdout] 
[INFO] [stdout] error: first argument of method must be a path
[INFO] [stdout]     --> /opt/rustwide/cargo-home/registry/src/github.com-1ecc6299db9ec823/js-sys-0.3.35/src/lib.rs:4815:36
[INFO] [stdout]      |
[INFO] [stdout] 4815 |               pub fn subarray(this: &$name, begin: u32, end: u32) -> $name;
[INFO] [stdout]      |                                      ^^^^^
[INFO] [stdout] ...
[INFO] [stdout] 4948 | / arrays! {
[INFO] [stdout] 4949 | |     /// `Int8Array()`
[INFO] [stdout] 4950 | |     /// https://developer.mozilla.org/en-US/docs/Web/JavaScript/Reference/Global_Objects/Int8Array
[INFO] [stdout] 4951 | |     Int8Array: i8,
[INFO] [stdout] ...    |
[INFO] [stdout] 4983 | |     Float64Array: f64,
[INFO] [stdout] 4984 | | }
[INFO] [stdout]      | |_- in this macro invocation
[INFO] [stdout]      |
[INFO] [stdout]      = note: this error originates in a macro (in Nightly builds, run with -Z macro-backtrace for more info)
[INFO] [stdout] 
[INFO] [stdout] 
[INFO] [stdout] error: first argument of method must be a path
[INFO] [stdout]     --> /opt/rustwide/cargo-home/registry/src/github.com-1ecc6299db9ec823/js-sys-0.3.35/src/lib.rs:4821:33
[INFO] [stdout]      |
[INFO] [stdout] 4821 |               pub fn slice(this: &$name, begin: u32, end: u32) -> $name;
[INFO] [stdout]      |                                   ^^^^^
[INFO] [stdout] ...
[INFO] [stdout] 4948 | / arrays! {
[INFO] [stdout] 4949 | |     /// `Int8Array()`
[INFO] [stdout] 4950 | |     /// https://developer.mozilla.org/en-US/docs/Web/JavaScript/Reference/Global_Objects/Int8Array
[INFO] [stdout] 4951 | |     Int8Array: i8,
[INFO] [stdout] ...    |
[INFO] [stdout] 4983 | |     Float64Array: f64,
[INFO] [stdout] 4984 | | }
[INFO] [stdout]      | |_- in this macro invocation
[INFO] [stdout]      |
[INFO] [stdout]      = note: this error originates in a macro (in Nightly builds, run with -Z macro-backtrace for more info)
[INFO] [stdout] 
[INFO] [stdout] 
[INFO] [stdout] error: first argument of method must be a path
[INFO] [stdout]     --> /opt/rustwide/cargo-home/registry/src/github.com-1ecc6299db9ec823/js-sys-0.3.35/src/lib.rs:4828:36
[INFO] [stdout]      |
[INFO] [stdout] 4828 |               pub fn for_each(this: &$name, callback: &mut dyn FnMut($ty, u32, $name));
[INFO] [stdout]      |                                      ^^^^^
[INFO] [stdout] ...
[INFO] [stdout] 4948 | / arrays! {
[INFO] [stdout] 4949 | |     /// `Int8Array()`
[INFO] [stdout] 4950 | |     /// https://developer.mozilla.org/en-US/docs/Web/JavaScript/Reference/Global_Objects/Int8Array
[INFO] [stdout] 4951 | |     Int8Array: i8,
[INFO] [stdout] ...    |
[INFO] [stdout] 4983 | |     Float64Array: f64,
[INFO] [stdout] 4984 | | }
[INFO] [stdout]      | |_- in this macro invocation
[INFO] [stdout]      |
[INFO] [stdout]      = note: this error originates in a macro (in Nightly builds, run with -Z macro-backtrace for more info)
[INFO] [stdout] 
[INFO] [stdout] 
[INFO] [stdout] error: first argument of method must be a path
[INFO] [stdout]     --> /opt/rustwide/cargo-home/registry/src/github.com-1ecc6299db9ec823/js-sys-0.3.35/src/lib.rs:4833:34
[INFO] [stdout]      |
[INFO] [stdout] 4833 |               pub fn length(this: &$name) -> u32;
[INFO] [stdout]      |                                    ^^^^^
[INFO] [stdout] ...
[INFO] [stdout] 4948 | / arrays! {
[INFO] [stdout] 4949 | |     /// `Int8Array()`
[INFO] [stdout] 4950 | |     /// https://developer.mozilla.org/en-US/docs/Web/JavaScript/Reference/Global_Objects/Int8Array
[INFO] [stdout] 4951 | |     Int8Array: i8,
[INFO] [stdout] ...    |
[INFO] [stdout] 4983 | |     Float64Array: f64,
[INFO] [stdout] 4984 | | }
[INFO] [stdout]      | |_- in this macro invocation
[INFO] [stdout]      |
[INFO] [stdout]      = note: this error originates in a macro (in Nightly builds, run with -Z macro-backtrace for more info)
[INFO] [stdout] 
[INFO] [stdout] 
[INFO] [stdout] error: first argument of method must be a path
[INFO] [stdout]     --> /opt/rustwide/cargo-home/registry/src/github.com-1ecc6299db9ec823/js-sys-0.3.35/src/lib.rs:4838:39
[INFO] [stdout]      |
[INFO] [stdout] 4838 |               pub fn byte_length(this: &$name) -> u32;
[INFO] [stdout]      |                                         ^^^^^
[INFO] [stdout] ...
[INFO] [stdout] 4948 | / arrays! {
[INFO] [stdout] 4949 | |     /// `Int8Array()`
[INFO] [stdout] 4950 | |     /// https://developer.mozilla.org/en-US/docs/Web/JavaScript/Reference/Global_Objects/Int8Array
[INFO] [stdout] 4951 | |     Int8Array: i8,
[INFO] [stdout] ...    |
[INFO] [stdout] 4983 | |     Float64Array: f64,
[INFO] [stdout] 4984 | | }
[INFO] [stdout]      | |_- in this macro invocation
[INFO] [stdout]      |
[INFO] [stdout]      = note: this error originates in a macro (in Nightly builds, run with -Z macro-backtrace for more info)
[INFO] [stdout] 
[INFO] [stdout] 
[INFO] [stdout] error: first argument of method must be a path
[INFO] [stdout]     --> /opt/rustwide/cargo-home/registry/src/github.com-1ecc6299db9ec823/js-sys-0.3.35/src/lib.rs:4843:39
[INFO] [stdout]      |
[INFO] [stdout] 4843 |               pub fn byte_offset(this: &$name) -> u32;
[INFO] [stdout]      |                                         ^^^^^
[INFO] [stdout] ...
[INFO] [stdout] 4948 | / arrays! {
[INFO] [stdout] 4949 | |     /// `Int8Array()`
[INFO] [stdout] 4950 | |     /// https://developer.mozilla.org/en-US/docs/Web/JavaScript/Reference/Global_Objects/Int8Array
[INFO] [stdout] 4951 | |     Int8Array: i8,
[INFO] [stdout] ...    |
[INFO] [stdout] 4983 | |     Float64Array: f64,
[INFO] [stdout] 4984 | | }
[INFO] [stdout]      | |_- in this macro invocation
[INFO] [stdout]      |
[INFO] [stdout]      = note: this error originates in a macro (in Nightly builds, run with -Z macro-backtrace for more info)
[INFO] [stdout] 
[INFO] [stdout] 
[INFO] [stdout] error: first argument of method must be a path
[INFO] [stdout]     --> /opt/rustwide/cargo-home/registry/src/github.com-1ecc6299db9ec823/js-sys-0.3.35/src/lib.rs:4848:31
[INFO] [stdout]      |
[INFO] [stdout] 4848 |               pub fn set(this: &$name, src: &JsValue, offset: u32);
[INFO] [stdout]      |                                 ^^^^^
[INFO] [stdout] ...
[INFO] [stdout] 4948 | / arrays! {
[INFO] [stdout] 4949 | |     /// `Int8Array()`
[INFO] [stdout] 4950 | |     /// https://developer.mozilla.org/en-US/docs/Web/JavaScript/Reference/Global_Objects/Int8Array
[INFO] [stdout] 4951 | |     Int8Array: i8,
[INFO] [stdout] ...    |
[INFO] [stdout] 4983 | |     Float64Array: f64,
[INFO] [stdout] 4984 | | }
[INFO] [stdout]      | |_- in this macro invocation
[INFO] [stdout]      |
[INFO] [stdout]      = note: this error originates in a macro (in Nightly builds, run with -Z macro-backtrace for more info)
[INFO] [stdout] 
[INFO] [stdout] 
[INFO] [stderr]     Checking futures-executor v0.3.4
[INFO] [stdout] error[E0433]: failed to resolve: use of undeclared type or module `Int8Array`
[INFO] [stdout]     --> /opt/rustwide/cargo-home/registry/src/github.com-1ecc6299db9ec823/js-sys-0.3.35/src/lib.rs:4951:5
[INFO] [stdout]      |
[INFO] [stdout] 4951 |     Int8Array: i8,
[INFO] [stdout]      |     ^^^^^^^^^ use of undeclared type or module `Int8Array`
[INFO] [stdout] 
[INFO] [stdout] 
[INFO] [stdout] error[E0433]: failed to resolve: use of undeclared type or module `Int16Array`
[INFO] [stdout]     --> /opt/rustwide/cargo-home/registry/src/github.com-1ecc6299db9ec823/js-sys-0.3.35/src/lib.rs:4955:5
[INFO] [stdout]      |
[INFO] [stdout] 4955 |     Int16Array: i16,
[INFO] [stdout]      |     ^^^^^^^^^^ use of undeclared type or module `Int16Array`
[INFO] [stdout] 
[INFO] [stdout] 
[INFO] [stdout] error[E0433]: failed to resolve: use of undeclared type or module `Int32Array`
[INFO] [stdout]     --> /opt/rustwide/cargo-home/registry/src/github.com-1ecc6299db9ec823/js-sys-0.3.35/src/lib.rs:4959:5
[INFO] [stdout]      |
[INFO] [stdout] 4959 |     Int32Array: i32,
[INFO] [stdout]      |     ^^^^^^^^^^ use of undeclared type or module `Int32Array`
[INFO] [stdout] 
[INFO] [stdout] 
[INFO] [stdout] error[E0433]: failed to resolve: use of undeclared type or module `Uint8Array`
[INFO] [stdout]     --> /opt/rustwide/cargo-home/registry/src/github.com-1ecc6299db9ec823/js-sys-0.3.35/src/lib.rs:4963:5
[INFO] [stdout]      |
[INFO] [stdout] 4963 |     Uint8Array: u8,
[INFO] [stdout]      |     ^^^^^^^^^^ use of undeclared type or module `Uint8Array`
[INFO] [stdout] 
[INFO] [stdout] 
[INFO] [stdout] error[E0433]: failed to resolve: use of undeclared type or module `Uint8ClampedArray`
[INFO] [stdout]     --> /opt/rustwide/cargo-home/registry/src/github.com-1ecc6299db9ec823/js-sys-0.3.35/src/lib.rs:4967:5
[INFO] [stdout]      |
[INFO] [stdout] 4967 |     Uint8ClampedArray: u8,
[INFO] [stdout]      |     ^^^^^^^^^^^^^^^^^ use of undeclared type or module `Uint8ClampedArray`
[INFO] [stdout] 
[INFO] [stdout] 
[INFO] [stdout] error[E0433]: failed to resolve: use of undeclared type or module `Uint16Array`
[INFO] [stdout]     --> /opt/rustwide/cargo-home/registry/src/github.com-1ecc6299db9ec823/js-sys-0.3.35/src/lib.rs:4971:5
[INFO] [stdout]      |
[INFO] [stdout] 4971 |     Uint16Array: u16,
[INFO] [stdout]      |     ^^^^^^^^^^^ use of undeclared type or module `Uint16Array`
[INFO] [stdout] 
[INFO] [stdout] 
[INFO] [stdout] error[E0433]: failed to resolve: use of undeclared type or module `Uint32Array`
[INFO] [stdout]     --> /opt/rustwide/cargo-home/registry/src/github.com-1ecc6299db9ec823/js-sys-0.3.35/src/lib.rs:4975:5
[INFO] [stdout]      |
[INFO] [stdout] 4975 |     Uint32Array: u32,
[INFO] [stdout]      |     ^^^^^^^^^^^ use of undeclared type or module `Uint32Array`
[INFO] [stdout] 
[INFO] [stdout] 
[INFO] [stdout] error[E0433]: failed to resolve: use of undeclared type or module `Float32Array`
[INFO] [stdout]     --> /opt/rustwide/cargo-home/registry/src/github.com-1ecc6299db9ec823/js-sys-0.3.35/src/lib.rs:4979:5
[INFO] [stdout]      |
[INFO] [stdout] 4979 |     Float32Array: f32,
[INFO] [stdout]      |     ^^^^^^^^^^^^ use of undeclared type or module `Float32Array`
[INFO] [stdout] 
[INFO] [stdout] 
[INFO] [stdout] error[E0433]: failed to resolve: use of undeclared type or module `Float64Array`
[INFO] [stdout]     --> /opt/rustwide/cargo-home/registry/src/github.com-1ecc6299db9ec823/js-sys-0.3.35/src/lib.rs:4983:5
[INFO] [stdout]      |
[INFO] [stdout] 4983 |     Float64Array: f64,
[INFO] [stdout]      |     ^^^^^^^^^^^^ use of undeclared type or module `Float64Array`
[INFO] [stdout] 
[INFO] [stdout] 
[INFO] [stdout] error[E0412]: cannot find type `Int32Array` in this scope
[INFO] [stdout]    --> /opt/rustwide/cargo-home/registry/src/github.com-1ecc6299db9ec823/js-sys-0.3.35/src/lib.rs:699:37
[INFO] [stdout]     |
[INFO] [stdout] 699 |         pub fn notify(typed_array: &Int32Array, index: u32) -> Result<u32, JsValue>;
[INFO] [stdout]     |                                     ^^^^^^^^^^ not found in this scope
[INFO] [stdout] 
[INFO] [stdout] 
[INFO] [stdout] error[E0412]: cannot find type `Int32Array` in this scope
[INFO] [stdout]    --> /opt/rustwide/cargo-home/registry/src/github.com-1ecc6299db9ec823/js-sys-0.3.35/src/lib.rs:704:27
[INFO] [stdout]     |
[INFO] [stdout] 704 |             typed_array: &Int32Array,
[INFO] [stdout]     |                           ^^^^^^^^^^ not found in this scope
[INFO] [stdout] 
[INFO] [stdout] 
[INFO] [stdout] error[E0412]: cannot find type `Int32Array` in this scope
[INFO] [stdout]    --> /opt/rustwide/cargo-home/registry/src/github.com-1ecc6299db9ec823/js-sys-0.3.35/src/lib.rs:743:35
[INFO] [stdout]     |
[INFO] [stdout] 743 |         pub fn wait(typed_array: &Int32Array, index: u32, value: i32) -> Result<JsString, JsValue>;
[INFO] [stdout]     |                                   ^^^^^^^^^^ not found in this scope
[INFO] [stdout] 
[INFO] [stdout] 
[INFO] [stdout] error[E0412]: cannot find type `Int32Array` in this scope
[INFO] [stdout]    --> /opt/rustwide/cargo-home/registry/src/github.com-1ecc6299db9ec823/js-sys-0.3.35/src/lib.rs:750:27
[INFO] [stdout]     |
[INFO] [stdout] 750 |             typed_array: &Int32Array,
[INFO] [stdout]     |                           ^^^^^^^^^^ not found in this scope
[INFO] [stdout] 
[INFO] [stdout] 
[INFO] [stdout] error[E0412]: cannot find type `Int8Array` in this scope
[INFO] [stdout]     --> /opt/rustwide/cargo-home/registry/src/github.com-1ecc6299db9ec823/js-sys-0.3.35/src/lib.rs:4951:5
[INFO] [stdout]      |
[INFO] [stdout] 4951 |     Int8Array: i8,
[INFO] [stdout]      |     ^^^^^^^^^ not found in this scope
[INFO] [stdout] 
[INFO] [stdout] 
[INFO] [stdout] error[E0412]: cannot find type `Int16Array` in this scope
[INFO] [stdout]     --> /opt/rustwide/cargo-home/registry/src/github.com-1ecc6299db9ec823/js-sys-0.3.35/src/lib.rs:4955:5
[INFO] [stdout]      |
[INFO] [stdout] 4955 |     Int16Array: i16,
[INFO] [stdout]      |     ^^^^^^^^^^ not found in this scope
[INFO] [stdout] 
[INFO] [stdout] 
[INFO] [stdout] error[E0412]: cannot find type `Int32Array` in this scope
[INFO] [stdout]     --> /opt/rustwide/cargo-home/registry/src/github.com-1ecc6299db9ec823/js-sys-0.3.35/src/lib.rs:4959:5
[INFO] [stdout]      |
[INFO] [stdout] 4959 |     Int32Array: i32,
[INFO] [stdout]      |     ^^^^^^^^^^ not found in this scope
[INFO] [stdout] 
[INFO] [stdout] 
[INFO] [stdout] error[E0412]: cannot find type `Uint8Array` in this scope
[INFO] [stdout]     --> /opt/rustwide/cargo-home/registry/src/github.com-1ecc6299db9ec823/js-sys-0.3.35/src/lib.rs:4963:5
[INFO] [stdout]      |
[INFO] [stdout] 4963 |     Uint8Array: u8,
[INFO] [stdout]      |     ^^^^^^^^^^ not found in this scope
[INFO] [stdout] 
[INFO] [stdout] 
[INFO] [stdout] error[E0412]: cannot find type `Uint8ClampedArray` in this scope
[INFO] [stdout]     --> /opt/rustwide/cargo-home/registry/src/github.com-1ecc6299db9ec823/js-sys-0.3.35/src/lib.rs:4967:5
[INFO] [stdout]      |
[INFO] [stdout] 4967 |     Uint8ClampedArray: u8,
[INFO] [stdout]      |     ^^^^^^^^^^^^^^^^^ not found in this scope
[INFO] [stdout] 
[INFO] [stdout] 
[INFO] [stdout] error[E0412]: cannot find type `Uint16Array` in this scope
[INFO] [stdout]     --> /opt/rustwide/cargo-home/registry/src/github.com-1ecc6299db9ec823/js-sys-0.3.35/src/lib.rs:4971:5
[INFO] [stdout]      |
[INFO] [stdout] 4971 |     Uint16Array: u16,
[INFO] [stdout]      |     ^^^^^^^^^^^ not found in this scope
[INFO] [stdout] 
[INFO] [stdout] 
[INFO] [stdout] error[E0412]: cannot find type `Uint32Array` in this scope
[INFO] [stdout]     --> /opt/rustwide/cargo-home/registry/src/github.com-1ecc6299db9ec823/js-sys-0.3.35/src/lib.rs:4975:5
[INFO] [stdout]      |
[INFO] [stdout] 4975 |     Uint32Array: u32,
[INFO] [stdout]      |     ^^^^^^^^^^^ not found in this scope
[INFO] [stdout] 
[INFO] [stdout] 
[INFO] [stdout] error[E0412]: cannot find type `Float32Array` in this scope
[INFO] [stdout]     --> /opt/rustwide/cargo-home/registry/src/github.com-1ecc6299db9ec823/js-sys-0.3.35/src/lib.rs:4979:5
[INFO] [stdout]      |
[INFO] [stdout] 4979 |     Float32Array: f32,
[INFO] [stdout]      |     ^^^^^^^^^^^^ not found in this scope
[INFO] [stdout] 
[INFO] [stdout] 
[INFO] [stdout] error[E0412]: cannot find type `Float64Array` in this scope
[INFO] [stdout]     --> /opt/rustwide/cargo-home/registry/src/github.com-1ecc6299db9ec823/js-sys-0.3.35/src/lib.rs:4983:5
[INFO] [stdout]      |
[INFO] [stdout] 4983 |     Float64Array: f64,
[INFO] [stdout]      |     ^^^^^^^^^^^^ not found in this scope
[INFO] [stdout] 
[INFO] [stdout] 
[INFO] [stderr]     Checking futures v0.3.4
[INFO] [stderr]    Compiling libp2p-core v0.15.0 (https://github.com/libp2p/rust-libp2p#d5587162)
[INFO] [stderr]    Compiling libp2p-secio v0.15.0 (https://github.com/libp2p/rust-libp2p#d5587162)
[INFO] [stderr]    Compiling libp2p-identify v0.15.0 (https://github.com/libp2p/rust-libp2p#d5587162)
[INFO] [stderr]    Compiling libp2p-kad v0.15.0 (https://github.com/libp2p/rust-libp2p#d5587162)
[INFO] [stderr]    Compiling libp2p-floodsub v0.15.0 (https://github.com/libp2p/rust-libp2p#d5587162)
[INFO] [stderr]    Compiling libp2p-gossipsub v0.15.0 (https://github.com/libp2p/rust-libp2p#d5587162)
[INFO] [stderr]    Compiling libp2p-noise v0.13.0 (https://github.com/libp2p/rust-libp2p#d5587162)
[INFO] [stderr]    Compiling libp2p-plaintext v0.15.0 (https://github.com/libp2p/rust-libp2p#d5587162)
[INFO] [stderr]     Checking futures_codec v0.3.4
[INFO] [stderr]     Checking rw-stream-sink v0.2.1 (https://github.com/libp2p/rust-libp2p#d5587162)
[INFO] [stderr]     Checking wasm-timer v0.2.4
[INFO] [stderr]     Checking soketto v0.3.2
[INFO] [stderr]     Checking yamux v0.4.2
[INFO] [stderr]     Checking async-tls v0.6.0
[INFO] [stderr]     Checking libp2p-pnet v0.15.0 (https://github.com/libp2p/rust-libp2p#d5587162)
[INFO] [stdout] error: aborting due to 35 previous errors
[INFO] [stdout] 
[INFO] [stdout] 
[INFO] [stdout] Some errors have detailed explanations: E0412, E0433.
[INFO] [stdout] 
[INFO] [stdout] For more information about an error, try `rustc --explain E0412`.
[INFO] [stdout] 
[INFO] [stderr] error: could not compile `js-sys`.
[INFO] [stderr] 
[INFO] [stderr] To learn more, run the command again with --verbose.
[INFO] [stderr] warning: build failed, waiting for other jobs to finish...
[INFO] [stderr] error: build failed
[INFO] running `Command { std: "docker" "inspect" "affffd523fab4255bc380c6af3ce15436d14b5674b450565081b31c10f89157a", kill_on_drop: false }`
[INFO] running `Command { std: "docker" "rm" "-f" "affffd523fab4255bc380c6af3ce15436d14b5674b450565081b31c10f89157a", kill_on_drop: false }`
[INFO] [stdout] affffd523fab4255bc380c6af3ce15436d14b5674b450565081b31c10f89157a
